o(-12).
4
Let v = -2311 - -2302. Let s(b) = -2*b**3 - 18*b**2 + b - 3. Give s(v).
-12
Suppose 6 = 3*c, -4*c + 1175 = -5*q - 9*c. Let n = -229 - q. Let w(y) = -y**3 + 7*y**2 + 10*y - 6. Give w(n).
10
Suppose -7*n = -2*n, 0 = -l + 4*n. Let v(z) = 216*z**2 + l - 215*z**2 + 2 - 3. Determine v(1).
0
Suppose 697*h - 705*h - 2280 = 0. Let s = h - -283. Let n(f) = -3*f - 4. Determine n(s).
2
Suppose 98*c + 130 = 228. Let m(f) = -67*f**2 + 7*f + 5. Let h(y) = 34*y**2 - 3*y - 2. Let z(u) = -7*h(u) - 3*m(u). What is z(c)?
-38
Suppose -5*x - 5*b + 48 - 8 = 0, 0 = -3*b. Suppose -52 = -x*i - 68. Let q(l) be the third derivative of l**4/24 + l**3/6 + 2*l**2. What is q(i)?
-1
Let x(v) be the first derivative of v**4/4 - 10*v**3/3 + 5*v**2/2 - 8*v + 29. Let g(n) = -n**3 + 11*n**2 - 4*n + 9. Let s(q) = 3*g(q) + 4*x(q). Give s(6).
7
Let q be (846/34)/1 + 266/2261. Let j(g) = g + 0*g + 4*g**2 - 3*g**2 + q*g**3 - 5*g**2 + 5*g**2. Determine j(-1).
-25
Let k(a) be the second derivative of 5*a**3/2 - a**2 - 3744*a. Determine k(-1).
-17
Let h be 10/(-5) + 4 + -2. Let s(f) = f**2 - 4 + f**2 + h*f**2 - f**2. Let l = -1704 - -1699. What is s(l)?
21
Let z be ((-4)/(-8))/((-1)/(-24)). Let l be ((-20)/(-8))/(3*2/z). Let h(w) = l - w + 0 - 6. Give h(7).
-8
Let t(h) = 12*h + 129. Suppose 0 = 24*n - 12*n + 132. Determine t(n).
-3
Let u(x) = x**2 + x - 1. Let l(h) = -h**3 - 27*h**2 - 26*h. Let y(f) = -l(f) - u(f). Let s be y(-25). Let t(d) = -5 + 2*d**2 + 0 + 4 + 14*d**3. What is t(s)?
15
Let b = 208 + -185. Let h(x) = b - 27 + 145*x - 142*x. What is h(4)?
8
Let u(n) = 13*n**2 + 6*n + 108. Let o(g) = g + 22. Let d(q) = 5*o(q) - u(q). Calculate d(-1).
-10
Let o(z) = -8*z + 3. Let i(s) = -4 + 48*s - 37*s + 0. Let g(r) = 5*i(r) + 7*o(r). Give g(1).
0
Let n(u) = -u**3 + 9*u**2 - 9*u - 38. Let f be 2/(-4) + (-273)/(-14) + -8 - 4. Determine n(f).
-3
Let p = 719 + -727. Let m(l) = 5*l**3 + 12*l**2 + 6*l - 11. Let t(n) = n**3 + n**2 + n - 2. Let b(j) = -m(j) + 4*t(j). What is b(p)?
19
Let v(a) = -13*a**2 + 3*a + 15. Let d(y) = 30*y**2 - 8*y - 28. Let g(j) = 3*d(j) + 7*v(j). Calculate g(-8).
-19
Let s(b) be the third derivative of 5*b**4/24 - b**3/6 - 15*b**2 + 5. Suppose -4*r + 0*r + 17 = -3*g, r - 17 = 5*g. Determine s(r).
9
Suppose 324*c - 1082 = 214. Let r(x) = -x**3 + 8*x + 2. Give r(c).
-30
Let c(o) be the first derivative of -o**4/4 - 2*o**3/3 + o**2/2 + 4*o + 1577. Determine c(4).
-88
Suppose -2*w - 2 = 10. Suppose -39 = -9*x - 75. Let o(r) = -2*r + 1. Let l(z) = 7*z - 16. Let a(t) = x*o(t) - l(t). Calculate a(w).
6
Let c be (-6495)/(-435) - 6/(-87). Suppose -7 = -8*m + c*m. Let f(d) = 15*d + 1. Calculate f(m).
-14
Let h(v) = v**3 - 3*v**2 + 2*v - 1. Let d be 9/((-27)/(-24))*-1. Let z(l) = -2*l - 13. Let q be z(d). Suppose 2*k = 3*y - 2*k - 15, -q*k = y + 8. What is h(y)?
-1
Let q(p) = 2*p**2 - 1. Let c(x) = -11*x**2 + x + 6. Let h(r) = c(r) + 6*q(r). Let k(a) = -42*a + 378. Let t be k(9). Calculate h(t).
0
Let a(y) = -y - 18. Let c(g) = 3*g + 35. Let r(f) = 7*a(f) + 3*c(f). What is r(7)?
-7
Let f(t) = -2*t**2 - 3*t + 10. Suppose 35*s + 1 + 151 = -3*s. Give f(s).
-10
Let u(r) be the first derivative of r**2 - 12*r - 24. Let t be u(5). Let n(j) = -j**3 + j**2 - j - 2. Give n(t).
12
Suppose 2*i = -5*s + 50 + 105, -5*s = -15. Let a be i/(-15)*3/2. Let m be (3/9)/(a/147). Let f(p) = p + 13. What is f(m)?
6
Let j(q) = -2*q**3 + 6*q**2 - 10*q + 20. Let z(c) = -5*c**3 + 16*c**2 - 25*c + 49. Let r(f) = 12*j(f) - 5*z(f). Calculate r(3).
-35
Let v(d) = 15*d - 32. Let x(y) = 117*y + 2693. Let f be x(-23). What is v(f)?
-2
Let a(f) = -f - 2. Suppose 2*c - 44 = -34. Suppose -24 = -3*m - c*m. Suppose m*b + 29 - 4 = 4*v, -b + 5*v - 23 = 0. What is a(b)?
1
Let q(x) = 9*x**2 + 21*x + 52. Let h(a) = -7*a**2 - 22*a - 44. Let y(b) = 4*h(b) + 3*q(b). Determine y(-26).
-46
Let x(q) = -8*q**2 - 9*q + 32. Let h be x(5). Let d = h + 215. Let l(k) = k**3 - k**2 + k - 1. Determine l(d).
5
Let u(x) = -x**3 + 5*x**2 - 2*x - 2. Let s(c) = -c + 1. Suppose 25 = 2*g + 1. Let p = g + -14. Let t be s(p). Determine u(t).
10
Let b(y) be the first derivative of y**4/4 + 10*y**3/3 - y**2/2 - 16*y + 1229. Calculate b(-10).
-6
Let l(z) be the second derivative of z**8/6720 + z**7/252 + z**6/720 - z**5/60 + 29*z**4/12 - 2*z + 54. Let y(c) be the third derivative of l(c). Give y(-10).
-12
Let h(r) = -3*r**3 + r**2. Suppose 5*g = -2*u - 5, 5*u - 5*g - 14 = 61. Let b(l) = 9 + l**2 + 4*l - 6*l - u. Let s be b(2). Calculate h(s).
4
Suppose -4 + 15 = -h + 3*z, -2*z + 0*z = 0. Let f(x) = -x**3 - 12*x**2 - 15*x - 16. Calculate f(h).
28
Let v(b) = 66*b**2 + 3*b - 10. Let o be v(2). Let i = 261 - o. Let k(w) = 6*w**3 + w**2 - w. Give k(i).
6
Let h = 4 + 1. Suppose -3*v + 3*k = -5*k, 0 = -5*k. Let m(y) = 2*y + v*y + h - 5*y. What is m(4)?
-7
Let i(q) = 3*q + 7. Suppose -3*x - 1 = 5. Let m(u) = 6*u**2 + 11*u + 3. Let j(f) = 7*f**2 + 13*f + 3. Let r(p) = 5*j(p) - 6*m(p). Let s be r(x). Calculate i(s).
-8
Let h(t) be the first derivative of t**3/3 + 5*t**2 + 7*t + 19491. Let b = -17 - -8. Determine h(b).
-2
Let d(n) = -n**3 + 6*n**2 - 5*n - 5. Let i(h) = 4*h**2 - 34*h + 39. Let q be i(9). Suppose q*b = 61*b - 2*s - 20, 4*b - s - 20 = 0. What is d(b)?
-5
Let z(w) be the third derivative of 0*w**4 + 3/40*w**6 + 0*w**3 + 63*w**2 + 0 + 0*w - 1/60*w**5. Calculate z(1).
8
Let r = 14743 - 14749. Let x(v) = 3*v**2 + 9*v + 9. Calculate x(r).
63
Let n = 202 + -213. Let o(v) = v**2 + 6*v + 9. Let h(y) = 5*y**2 + 28*y + 46. Let d(a) = 2*h(a) - 11*o(a). What is d(n)?
-18
Let t(n) = -2*n**3 + 4*n**3 + 35*n**2 - n**3 + 20*n**2 - 78*n - 59*n**2 + 11. Calculate t(11).
0
Let b be (7/(-2))/(917/2882). Let a(r) = r**2 + 1 + 6*r - 5 + 4*r. What is a(b)?
7
Let w(b) = -6*b - 6. Let o = 2031 + -2029. Give w(o).
-18
Let z be (-5)/(-10)*(-3 - -1). Let w(t) be the first derivative of 7*t**3/3 - t**2/2 - 1703. Give w(z).
8
Let k be (533/(-39) - -13)*12 - 13. Let y(h) = h**2 + 6*h - 324. Determine y(k).
-9
Let w(a) = 8*a - 56 - 19 - 2*a + 36*a + 61. Give w(-1).
-56
Suppose 23*r - 442 = 21*r. Let l be 2/17 + (-2015)/r. Let j(b) be the second derivative of b**4/12 + 5*b**3/3 + 5*b**2/2 - 4*b. What is j(l)?
-4
Let l be (-1)/(-2)*4 + -4. Let s(g) be the second derivative of -g**4/12 - 2*g**3/3 - g**2 + 14*g + 274. What is s(l)?
2
Let u(p) = -23*p - 72*p**2 + 17 + 17 + 9 + 73*p**2. Calculate u(21).
1
Suppose -24 = 4*z + 72. Let t = z - -26. Let u(n) be the first derivative of -4*n**3/3 + n**2 + 2*n + 6. Determine u(t).
-10
Let q(f) be the second derivative of -f**6/720 - 7*f**5/120 + f**4/3 - 5*f. Let y(t) be the third derivative of q(t). Suppose -65 = -8*w - 105. What is y(w)?
-2
Suppose -7*k + 315 = -77. Let u be -4*7/k*-8. Let d(f) = -7*f**2 + 7*f - 1. Let s(a) = 10*a**2 - 11*a + 2. Let m(n) = -7*d(n) - 5*s(n). What is m(u)?
5
Let q(f) = 55*f**2 + 28*f - 73. Let y(v) = -94*v**2 - 46*v + 122. Let h(w) = -12*q(w) - 7*y(w). Calculate h(-8).
6
Let y(a) = -a**2 + 8*a - 22. Let m = -4536 - -4543. Give y(m).
-15
Let t(p) = -p**2 - 12*p + 62. Let j(n) = -15*n**2 + 124*n - 49. Let s be j(8). Determine t(s).
-23
Let w(v) = -v**2 - 50*v + 2622. Let z be w(32). Let c(j) = 2*j**2 + j + 0*j + 2 + 0 + 0 + 2*j**3. Calculate c(z).
-8
Let u(w) = 2*w**3 - 5*w**2 + 4*w. Let d(z) = -46 + 7*z**2 + 46 + 5*z + 3*z**3 - 13*z**2. Let j(b) = -3*d(b) + 4*u(b). What is j(-3)?
6
Suppose -21*r + 237 = -99. Suppose -b + 2*q + r = 2*b, b + 2*q = -8. Let y(a) = a**2 + a - 2*a**2 + 2*a**2 + 1. What is y(b)?
7
Suppose 175*k + 270*k = -26*k + 942. Let t(u) = -6*u**3 + 13*u**2 - 2. Give t(k).
2
Let a = -129 + -19. Let k = a + 141. Let z(h) = -h**2 - 8*h - 8. Give z(k).
-1
Let i(s) be the third derivative of s**5/60 + 5*s**4/12 + s**3/6 + 441*s**2 - 2*s. What is i(-4)?
-23
Let t(x) = -4*x**3 + 8*x**2 - 2*x - 5. Let m(n) = 5*n**3 - 10*n**2 + 3*n + 6. Let p(s) = 3*m(s) + 4*t(s). What is p(-4)?
90
Let n = -16080 - -16071. Let q(z) = z + 18. Determine q(n).
9
Let r(q) = q**3 - 4*q**2 + 4*q + 1. Let u(x) = 4*x - 20. Let b be u(3). Let a be 6 - b/(-2 + -2). Calculate r(a).
17
Let d be 441/315 + 106/10. Suppose 2*l + d*w - 11*w = 7, 0 = 2*l + 3*w - 1. Let j(r) = -8*r - 6. Calculate j(l).
-46
Suppose 2*c - 3*y - 408 = 0, 5*y = -6*c + 5*c + 217. Let w(g) = g - 2*g + c - 202. What is w(8)?
-3
Let u be (14 +